 = -16. Suppose -9 = -n*w + 9. What are the prime factors of w?
3
Let b(c) = 4*c**3 + 6*c**2 + 3*c + 2. Let m(h) = h**3 + 2*h**2 + h + 1. Let o(a) = 2*b(a) - 7*m(a). What are the prime factors of o(3)?
3
Let h(x) = -x**3 - 4*x**2 + x + 4. Let m be h(-5). Suppose 3*n - m = 9. List the prime factors of n.
11
Let w be (-3)/((-2)/((-2)/(-1))). Suppose 4 = l - w. List the prime factors of l.
7
Let f be 329/(-35) + 4/10. What are the prime factors of (f + 6)*28/(-3)?
2, 7
Let w be 17 + (-2 + 2 - 2). Suppose 0*v - w = -2*v - l, l - 3 = 0. What are the prime factors of v?
2, 3
Let n(c) = 32*c**2 + 6*c + 15. List the prime factors of n(-2).
131
Let l(a) = -3*a**3 - 3*a**2 - 3*a - 2. Let d be l(-2). Let q = 34 - d. What are the prime factors of q?
2, 3
Suppose 5*s + 3*t = 6*s - 106, t = s - 100. What are the prime factors of s?
97
Suppose v - 5*x - 16 = 0, 2*x - 12 = -v + 3*x. Suppose 35 - v = -4*m. Let p = -4 - m. List the prime factors of p.
2
Let b(q) = -8 + 2*q - 4*q - q**2 + 8*q + 6*q. What are the prime factors of b(11)?
3
Suppose f + 1043 = 8*f. List the prime factors of f.
149
Suppose 0*n = -7*n + 217. List the prime factors of n.
31
Let u(t) = -t**2 + t + 1. Suppose -6 = 3*z, m = -4*m - 4*z - 38. Let r(n) = -n. Let a(p) = m*r(p) + u(p). What are the prime factors of a(6)?
7
Let a = -9 + 27. Let c be 166/a - 6/27. Suppose 0 = -r - r + 3*y + c, 4*r - y - 33 = 0. What are the prime factors of r?
3
Let u be (-1 + 2)*-40*-1. Let w = -14 + u. What are the prime factors of w?
2, 13
Let u(a) = 10*a**3 - a**2 + 2*a - 1. List the prime factors of u(2).
79
Let h be (5/10)/(2/(-16)). Let a = -2 - h. List the prime factors of a.
2
Let f = -22 + 8. Suppose 0 = -d - 3*d - 2*j + 80, 3*d - j = 65. Let t = d + f. List the prime factors of t.
7
What are the prime factors of (12 + -2)*2/4?
5
Let t(x) = 3 - 2 + 5*x - 17*x. Let s be t(-1). Let d = s - 6. What are the prime factors of d?
7
List the prime factors of (28/5)/(6/45).
2, 3, 7
Suppose 3*d - 27 = 36. Let u(i) = 2*i**2 + 1. Let p be u(2). Let y = d - p. List the prime factors of y.
2, 3
Suppose -i = -6*i + 4*d + 36, 0 = -5*i - 3*d + 43. Suppose -r = -4*b + 28, -i*b + 2*r = -4*b - 28. List the prime factors of b.
7
Let m = 21 - 12. Suppose -m*a + 4*a + 60 = 0. What are the prime factors of a?
2, 3
Let q(a) = -a + 11. Let z be q(8). Suppose 2*b - 78 = z*v + 86, 0 = -3*b - 3*v + 216. Suppose 3*y - b = -y. What are the prime factors of y?
19
Let l be (6/(-4))/((-12)/32). Let c be 1*9 - (l - 1). Suppose 0 = -a + 10 + c. List the prime factors of a.
2
Let t(q) = -2*q + 2. Let i(w) = 4*w - 3. Let p(z) = 2*i(z) + 5*t(z). Suppose 3*j - 17 - 6 = 2*k, -4 = -4*k - 4*j. List the prime factors of p(k).
2, 3
Let s(x) = x**2 + 4*x + 5. Let m be s(-4). Suppose -m = -2*a + 33. What are the prime factors of a?
19
Let w(m) be the second derivative of m**4/12 - 5*m**3/3 + 11*m**2/2 + 8*m. List the prime factors of w(9).
2
List the prime factors of 1274/28 + (-3)/(-2).
47
Suppose q - 5*x + 3 = 0, -3*x = 2*q - 6*x - 1. Let v(j) = -4*j - j**2 - 5 + q - 3*j. What are the prime factors of v(-6)?
3
Let g(h) = -3*h**2 - 2*h - 7. Let t(q) = -5*q**2 + 6*q + 3*q**2 + 10*q**2 + 20. Let z(u) = -11*g(u) - 4*t(u). What are the prime factors of z(4)?
5
Let p(l) = l**2 + 5*l - 5. Let j be p(-10). Suppose -3*g + j = 2*g. List the prime factors of g.
3
Let w(l) = -l**3 + 5*l**2 + 16*l - 10. What are the prime factors of w(6)?
2, 5
Suppose 5*c + 4*k = 160, 4*k - 60 = -2*c - 8. What are the prime factors of c?
2, 3
Suppose 30 = 2*a - 34. Suppose 3*k - a + 2 = 0. Let i = k + -2. What are the prime factors of i?
2
Let b be 17 - -5 - (0 - -1). Let n = b + -8. List the prime factors of n.
13
Let y(t) = -t - 9. Let x be y(-11). Suppose 5*j = -3*d - 0*d + 64, -3*j - x*d = -39. What are the prime factors of j?
11
Suppose 2*r - 3 = d, 2*d - r - 3 = 3. List the prime factors of d.
5
Suppose 0 = -4*f + 2*u - u + 55, -2*f + 35 = u. What are the prime factors of f?
3, 5
Let g = 1 + 10. List the prime factors of g.
11
Let n(k) = -2*k**2 - 4*k + 206. What are the prime factors of n(0)?
2, 103
Suppose 234 = f + 2*f. List the prime factors of f.
2, 3, 13
Suppose -67 = -4*o + 3*n - 1, 5*o + 4*n = 67. Let y = o + -2. What are the prime factors of y?
13
Suppose 5*t - 465 = 5*b, -2*b + 4*b = -5*t + 472. List the prime factors of t.
2, 47
Let i(b) = -b + 10*b - 2*b**2 - 4 + b**2 - 2*b. Suppose 5*q = -0*q + 30. What are the prime factors of i(q)?
2
Let x = 25 - 4. Suppose -4*w = -15 - x. List the prime factors of w.
3
What are the prime factors of 17 - (1 + -5 + 4)?
17
Let s(t) = -28*t - 3. What are the prime factors of s(-1)?
5
Suppose 7*c - 46 - 563 = 0. List the prime factors of c.
3, 29
Suppose 5*h = -h + 54. What are the prime factors of h?
3
Let h(a) = -a**3 - 6*a**2 - 7. What are the prime factors of h(-7)?
2, 3, 7
Let m(d) = 7*d + d**3 + 37 - 17 - 16 + 8*d**2. List the prime factors of m(-4).
2, 5
Suppose 2*s + s = 6, 0 = z + 4*s - 5. Let c = z - -35. List the prime factors of 23/4 + 8/c.
2, 3
Let c(j) = j**3 - 5*j**2 - 5*j - 20. What are the prime factors of c(7)?
43
Let a be 1*-7 - 0/(-5). Let u = a + 2. Let x = -2 - u. What are the prime factors of x?
3
Suppose 6*n = 2*n - 5*y + 37, -2*y = -n + 6. What are the prime factors of (1/2)/(2/n)?
2
Let z(c) = c**3 + 5*c**2 - 6*c + 1. Let o be z(-6). Let m(r) = 3*r**2 + 2*r + 1. Let l be m(-2). List the prime factors of l - (o - 3/3).
3
Suppose 3*x - 16 = -2*q, -2*x + 9 + 5 = 3*q. Suppose -2*v = -6 - q. What are the prime factors of v?
2
Suppose 3*v - 3 = 6. Suppose 0 + 4 = 4*q. Let h = v + q. List the prime factors of h.
2
Let d(o) = -1 + 8*o + 4*o**2 + 2*o - 5*o**2. Let c(a) = a**2 + 3*a - 1. Let i be c(-5). What are the prime factors of d(i)?
2
What are the prime factors of (-2576)/(-35) + 4/10?
2, 37
Suppose 2 = 2*f + 4*m, -f - 2*m + 1 = 2*m. Let n be (-1)/(-2) + f/(-2). Suppose 0 = -3*a - n + 39. List the prime factors of a.
13
Let a be (2/4)/((-2)/(-16)). Suppose 0*t + 5*i + 63 = 4*t, 4*i + 24 = 2*t. Suppose -a*l + 17 = 2*g - g, 2*g = -4*l + t. What are the prime factors of g?
5
Suppose 13*r = 15*r - 8. Suppose 3*p + 3*m - 4*m = 121, -3*p = r*m - 101. What are the prime factors of p?
3, 13
Suppose 32 + 52 = 7*w. What are the prime factors of w?
2, 3
Let h(j) = 2*j**2 + 8*j + 8. List the prime factors of h(-6).
2
Let z(l) = 12*l**2 - 3*l + 5. Let a be z(2). Suppose a - 13 = 2*s. What are the prime factors of s?
17
Let h(j) = j**2 + 9*j + 10. Suppose -2*s - 20 = -0*s - a, 36 = -4*s + a. Let r be h(s). List the prime factors of r/((-12)/7 + 2).
7
Suppose -4*j + 33 = -i - 4*i, 2*j + 4*i + 16 = 0. Suppose 0 = 5*v - 5*f - 110, j*v = f - 3*f + 60. List the prime factors of (-2)/13 - (-342)/v.
13
What are the prime factors of (892/(-8) + 5)*(-4)/3?
2, 71
Let b(n) = 2*n + 4. Let o be b(-3). Let u be (4/6)/(o/18). List the prime factors of (45/u)/(-5)*2.
3
Suppose -89 = -5*t + 11. Suppose -d - 5 = -o - 0, 3*o = -4*d - t. Let q = o - -13. List the prime factors of q.
13
Let z(u) = 13*u + 28. Let y(j) = -3*j - 7. Let s(l) = 9*y(l) + 2*z(l). Let g be s(-5). List the prime factors of -2 + (9 + g - 0).
5
Let v(h) = -h**2 + 9*h + 12. Let y be v(10). Suppose 3*o - y - 1 = 0. Suppose -o + 41 = 4*l. What are the prime factors of l?
2, 5
Let t(q) be the second derivative of 5*q**4/12 + q**2/2 + q. What are the prime factors of t(-1)?
2, 3
Suppose 4*x + 5*b + 15 = 0, 6*x = 2*x - 2*b - 30. Let m = -4 - x. What are the prime factors of 5 + 2*3/m?
2, 3
Suppose n + 2*n - 9 = 0. Let c(r) = -2*r**3 - 4*r**2 - 2*r. Let d be c(-3). Suppose 0 = 3*k - n*l - d, -l = -4*k + 43 + 1. List the prime factors of k.
2, 3
Suppose -2*i + 71 = -99. List the prime factors of i.
5, 17
Let p(l) = -3*l - 4. Let w be p(-3). Suppose 4*c - w*c + 17 = 0. List the prime factors of c.
17
Suppose 3*g + 3*r - 21 = 0, 5*r - 3 - 2 = 0. List the prime factors of g/(-8) + (-495)/(-20).
2, 3
Let g(b) = -28*b. What are the prime factors of g(-3)?
2, 3, 7
Let c be 49 - (3/3 - 2). Suppose -3*o = -o - c. What are the prime factors of o?
5
Let o = -18 + 41. Suppose -16 = -4*p + 4*d + 36, o = 2*p - d. Suppose -3*m + p = n, 3*n - 11 - 8 = 2*m. List the prime factors of n.
7
Suppose -b = -z - 81 + 9, -z = 4. List the prime factors of b.
2, 17
Suppose -3*j + 369 = -372. Li